 0. Calculate the greatest common divisor of g and 21.
7
Let w(f) = -f**3 + 9*f**2 - 9*f + 10. Let j be w(8). What is the greatest common factor of 16 and j?
2
Let i(b) = b + 8. Let m be i(0). Suppose -q = q + 3*j - 79, -3*j = q - 47. What is the highest common divisor of q and m?
8
Let g = -76 + 276. Let d be (0 + -1)*(0 - g). Suppose -5*c + 650 - d = 0. What is the greatest common divisor of c and 10?
10
Let m(d) = 2*d**2 - 4. Let q be m(-6). Let k = 19 + -2. Calculate the greatest common divisor of q and k.
17
Let g = 83 + -77. What is the highest common divisor of 42 and g?
6
Let i(p) = -p + 3. Let c be i(0). Suppose -c*f + 22 = -11. Calculate the greatest common factor of 88 and f.
11
Let x(k) = k**2 - 1. Let s be x(1). Let c be 8*(s - (-1)/2). Suppose 2*l = -0 + c. What is the highest common factor of l and 18?
2
Let t = -22 - -36. Let d(c) = 27*c - 12. Let h be d(2). What is the highest common divisor of t and h?
14
Let r(q) = 3*q - 3. Let b be r(2). Suppose 3*d - 9 = 4*m, -5*m - b - 3 = -3*d. What is the highest common factor of d and 1?
1
Suppose -3*a + i = 84, a = -4*a + 3*i - 140. Let n = -7 - a. Calculate the highest common divisor of n and 14.
7
Suppose -2*x = -56 + 6. Calculate the greatest common divisor of 225 and x.
25
Suppose 0*y - y + 18 = 0. Let s = -9 + 11. What is the highest common factor of s and y?
2
Suppose 28 = 2*u - 3*m, 5*u + 0*u - 24 = -4*m. Let y = 0 - -1. Calculate the greatest common divisor of y and u.
1
Suppose -23 + 7 = 4*w. Let j be 8*(-4)/w + 1. Calculate the highest common factor of 1 and j.
1
Suppose -17 - 163 = -10*q. What is the greatest common divisor of q and 12?
6
Let u = -21 - -31. Let y = u + -5. Suppose v - h - 46 = -3*v, -y*v + 5*h = -50. What is the highest common factor of v and 3?
3
Suppose p - 4*t + 3 = -5*t, -4*p - t = 9. Let q(n) = -71*n + 2. Let f be q(p). What is the highest common divisor of 16 and f?
16
Let l = 8 + -5. Suppose -u - 48 = -l*u. Calculate the greatest common divisor of u and 36.
12
Let r be 4380/105 - 1/7*-2. Suppose -5*g - 97 = -4*o, -2*o - o = -g - 81. What is the greatest common factor of r and o?
14
Suppose -2*o + 3 = -2*x - 19, -5*o - 4*x + 10 = 0. Let l be (39/o)/(2/4). Calculate the highest common divisor of l and 117.
13
Let q = -4 + 6. Suppose -q*s + 9 = s. Suppose -o + 41 = a, s*o - 5*a = 35 + 80. Calculate the greatest common divisor of o and 5.
5
Let b(h) = h**3 + 6*h**2 + h + 6. Let i be b(-6). Suppose 4*p + 168 = 5*w, -5*p = -i*w - w + 21. What is the highest common factor of 12 and w?
12
Suppose 0 = q + 1, -c - 5*q = -29 - 10. What is the highest common factor of c and 4?
4
Let b = -7 + 10. Let l = 9 + b. What is the highest common divisor of 24 and l?
12
Let a = -5 + 6. Let w(g) = -7*g + 1. Let d be w(-1). What is the greatest common divisor of d and a?
1
Let k = 74 - 122. Let a = -15 - k. Calculate the highest common divisor of a and 11.
11
Let r = 106 + -63. What is the highest common factor of 43 and r?
43
Let f be 1/((6/(-38))/(-3)). Let v(c) = -c**2 + 12*c + 3. Let d be v(12). Suppose -d*l - 2*l = -95. What is the greatest common divisor of l and f?
19
Let v be (-44)/(-8)*2*17. Calculate the greatest common divisor of v and 17.
17
Let a be (18/12)/((-6)/8). Let i be (14/(-4))/(a/(-8)). Let c be (1 - 2)/(2/i). Calculate the highest common divisor of c and 1.
1
Suppose 5*h + q - 124 = 0, -2*q - 40 = -2*h - 0*q. What is the highest common factor of h and 6?
6
Suppose -2*s - 2 = -72. Let f(v) = v**2 + 7*v + 5. Let u be f(-7). Calculate the greatest common divisor of s and u.
5
Suppose -3*w + 3*y + 45 = 0, 5*w = y + 76 - 1. What is the highest common divisor of 165 and w?
15
Let m = 94 - 42. Let d = 29 - m. Let j = -11 - d. What is the greatest common divisor of j and 108?
12
Let s(m) = 2*m - 6. Let t be s(6). Calculate the greatest common factor of t and 3.
3
Suppose 0 = 2*g - 4*g - 2*n - 1088, 2181 = -4*g + n. Let m be 6/2 + g/(-5). What is the greatest common divisor of m and 16?
16
Let m = -1 + 0. Let k be (-1 - -89) + (-2)/m. Calculate the highest common divisor of k and 36.
18
Let m(z) = 319*z**2 + 2*z + 2. Let b be m(-1). What is the highest common divisor of b and 29?
29
Let v(p) = p**3 + p**2 - 5*p - 2. Let t be v(-3). Let u be (t/(-2) + -1)*2. Let a = -2 + 3. Calculate the highest common divisor of u and a.
1
Let n = -12 + 16. Calculate the highest common factor of 4 and n.
4
Let r = -4 + 9. Calculate the greatest common divisor of 35 and r.
5
Let g be (-1)/(6/6*1/(-36)). Calculate the greatest common factor of 24 and g.
12
Let l(u) = -u**2 + 8*u + 6. Suppose -6*z + z = -65. Let b = z + -7. Let s be l(b). What is the highest common divisor of 18 and s?
18
Suppose 0 = -7*k + 387 + 75. What is the greatest common divisor of 33 and k?
33
Let v(s) = -2*s**3 - 2*s**2 + 2*s - 2. Let i be v(-3). Calculate the highest common divisor of 84 and i.
28
Let g be 2/3 + (3 - (-534)/9). What is the greatest common factor of 7 and g?
7
Let w(d) = -13*d + 2. Let k be w(-1). Suppose -2*g - 4*o = -4*g, g = -o + k. Calculate the greatest common divisor of 50 and g.
10
Suppose -2*l - 9 = -5*l. Let k(c) = 4 + 4 - 4 - 6*c - l. Let r be k(-2). Calculate the greatest common divisor of 13 and r.
13
Let x(q) = 2*q - 9. Let w be x(6). Calculate the highest common divisor of w and 21.
3
Let d = 26 - 20. Calculate the greatest common divisor of 15 and d.
3
Let a(r) = 7*r + 7. Let w be a(7). Calculate the greatest common divisor of w and 28.
28
Let j(c) = c**3 + 6*c**2 + 2*c + 5. Let u be j(-5). Let i = 24 - 20. What is the greatest common divisor of i and u?
4
Suppose 4*l = -u - 8, 5*u - 50 = -4*l + 2*l. Calculate the highest common divisor of u and 36.
12
Suppose 0 = -3*d - x - x + 26, 0 = -3*d - 3*x + 21. Calculate the highest common factor of 9 and d.
3
Suppose 0 = 2*o + 4*w - 16, 2*w - 2 - 4 = 0. Let l be (-4 - -6) + 31*o. Let s be (-1)/(-2) + 30/4. Calculate the highest common divisor of s and l.
8
Suppose 2*g = -5*y - 18, -4 = -3*y + 3*g + 2. Let h be 1386/35 - y/5. Calculate the highest common divisor of h and 16.
8
Let d be (-226)/(-3) + ((-32)/12)/8. Let f = 49 + -6. Suppose -2*x = -17 - f. Calculate the greatest common factor of d and x.
15
Let x = 14 - 8. Suppose 4*r = 3*r + x. What is the greatest common factor of 66 and r?
6
Let n(h) = -h + 9. Let q be n(4). Let w(k) = 2*k + k - 6 + q*k - k**2. Let p be w(6). Calculate the highest common divisor of 6 and p.
6
Suppose 7*i = 1170 + 510. Calculate the highest common divisor of i and 15.
15
Suppose 2*u = 15 + 11. What is the greatest common factor of 39 and u?
13
Let d(g) = -g**3 + 3*g**2 + 5*g + 1. Let s be d(4). What is the highest common divisor of 35 and s?
5
Suppose 4*p = 2*b + 518, -10*p + 239 = -8*p - 5*b. Calculate the greatest common divisor of 12 and p.
12
Let q = -25 + 69. Suppose -q = -x - 5*l, 3*l - 132 = -3*x - l. Calculate the greatest common divisor of 11 and x.
11
Let d(g) = 2*g**2 + g. Let t be d(1). Suppose -t + 0 = -n. Let j(p) = 14*p + 2. Let z be j(n). What is the highest common divisor of z and 11?
11
Let y = -23 + 37. Calculate the greatest common divisor of 112 and y.
14
Let o be (5 + -5 + 4)/2. Calculate the highest common factor of o and 4.
2
Suppose 5 = c - 11. What is the greatest common factor of c and 2?
2
Suppose -v - 5*n = 3*v - 60, v + 4*n - 15 = 0. What is the greatest common divisor of 20 and v?
5
Let g be ((-24)/(-10))/(39/130). Calculate the greatest common divisor of g and 32.
8
Let m(w) = 31*w**2 + w. Let i be m(-1). Calculate the greatest common factor of 75 and i.
15
Let b = 5 + 0. Suppose -b*j = -427 - 413. Let a = j - 80. Calculate the highest common divisor of 22 and a.
22
Let r be ((-16)/(-5))/(2/10). Suppose -2*g + 92 = -r. Calculate the highest common divisor of g and 6.
6
Let y(r) = -5*r + 5. Let v be y(-11). What is the highest common factor of 15 and v?
15
Let o = 6 + -4. Calculate the greatest common factor of 4 and o.
2
Suppose -4*z - 200 = -4*w, -5*z = 2*w - 4*w + 100. Calculate the highest common divisor of 40 and w.
10
Let w be 45/(6/8*2). What is the highest common divisor of 15 and w?
15
Let q(m) = 4*m**3 - 4*m**2 + 3. Let y be q(3). Suppose 7*s - 9*s = -60. Calculate the highest common divisor of y and s.
15
Suppose 0 = 6*v - 2*v - 68. Let f be 2/(-6) - (